{"id":6487,"date":"2023-12-04T17:29:14","date_gmt":"2023-12-04T16:29:14","guid":{"rendered":"http:\/\/dev.micronatura.si\/?page_id=6487"},"modified":"2024-01-26T14:30:28","modified_gmt":"2024-01-26T13:30:28","slug":"zdravje-in-osebna-nega","status":"publish","type":"page","link":"https:\/\/www.micronatura.si\/?page_id=6487","title":{"rendered":"Zdravje in osebna nega"},"content":{"rendered":"\t\t<div data-elementor-type=\"wp-page\" data-elementor-id=\"6487\" class=\"elementor elementor-6487\">\n\t\t\t\t\t\t<section class=\"elementor-section elementor-top-section elementor-element elementor-element-4b55f20a elementor-section-height-min-height elementor-section-content-middle elementor-section-boxed elementor-section-height-default elementor-section-items-middle elementor-invisible\" data-id=\"4b55f20a\" data-element_type=\"section\" data-settings=\"{&quot;background_background&quot;:&quot;classic&quot;,&quot;animation&quot;:&quot;fadeInDown&quot;}\">\n\t\t\t\t\t\t\t<div class=\"elementor-background-overlay\"><\/div>\n\t\t\t\t\t\t\t<div class=\"elementor-container elementor-column-gap-no\">\n\t\t\t\t\t<div class=\"elementor-column elementor-col-100 elementor-top-column elementor-element elementor-element-5c843aff\" data-id=\"5c843aff\" data-element_type=\"column\">\n\t\t\t<div class=\"elementor-widget-wrap elementor-element-populated\">\n\t\t\t\t\t\t<div class=\"elementor-element elementor-element-2b6aea7d elementor-widget__width-initial elementor-widget elementor-widget-heading\" data-id=\"2b6aea7d\" data-element_type=\"widget\" data-widget_type=\"heading.default\">\n\t\t\t\t<div class=\"elementor-widget-container\">\n\t\t\t<h1 class=\"elementor-heading-title elementor-size-xl\">Zdravje in osebna nega<\/h1>\t\t<\/div>\n\t\t\t\t<\/div>\n\t\t\t\t\t<\/div>\n\t\t<\/div>\n\t\t\t\t\t<\/div>\n\t\t<\/section>\n\t\t<div class=\"elementor-element elementor-element-d0fcdb9 e-con-full e-flex e-con e-parent\" data-id=\"d0fcdb9\" data-element_type=\"container\">\n\t\t<div class=\"elementor-element elementor-element-5e03367 e-con-full e-flex e-con e-child\" data-id=\"5e03367\" data-element_type=\"container\">\n\t\t\t\t<div class=\"elementor-element elementor-element-fce4fff elementor-widget__width-initial elementor-widget elementor-widget-text-editor\" data-id=\"fce4fff\" data-element_type=\"widget\" data-widget_type=\"text-editor.default\">\n\t\t\t\t<div class=\"elementor-widget-container\">\n\t\t\t\t\t\t\t<h3>Spodbuja zdrav imunski sistem<\/h3>\n<p>Strukturirana voda podpira va\u0161 imunski sistem na ve\u010d na\u010dinov, vklju\u010dno s spodbujanjem optimalne biolo\u0161ke uporabnosti hranil in hidracije celic. Prav tako olaj\u0161a va\u0161im celicam, da absorbirajo kisik, kar ima za posledico pravilno delovanje va\u0161ih sistemov.<\/p>\n<p>Poleg tega pomaga pri prepre\u010devanju toksinov v telesu, ki bi lahko negativno vplivali na va\u0161 imunski sistem.<\/p>\t\t\t\t\t\t<\/div>\n\t\t\t\t<\/div>\n\t\t\t\t<div class=\"elementor-element elementor-element-05402db elementor-widget elementor-widget-text-editor\" data-id=\"05402db\" data-element_type=\"widget\" data-widget_type=\"text-editor.default\">\n\t\t\t\t<div class=\"elementor-widget-container\">\n\t\t\t\t\t\t\t<h3><span style=\"color: var(--ast-global-color-2); font-size: 1.6rem; font-style: inherit; text-align: var(--text-align); background-color: var(--ast-global-color-4);\">Zdravstvene koristi strukturirane vode.<\/span><\/h3><p>Energizirana strukturirana voda ima \u0161tevilne koristi za zdravje \u010dlove\u0161kega telesa. Na primer, spodbuja celi\u010dno celjenje in optimalno delovanje tkiv in struktur tako, da molekule vode v celicah napolni na optimalno raven.<\/p><p><i>Prav tako izbolj\u0161a procese hidracije in razstrupljanja telesa.<\/i><\/p>\t\t\t\t\t\t<\/div>\n\t\t\t\t<\/div>\n\t\t\t\t<div class=\"elementor-element elementor-element-0b8dcb6 elementor-widget elementor-widget-image\" data-id=\"0b8dcb6\" data-element_type=\"widget\" data-widget_type=\"image.default\">\n\t\t\t\t<div class=\"elementor-widget-container\">\n\t\t\t\t\t\t\t\t\t\t\t\t\t<img fetchpriority=\"high\" decoding=\"async\" width=\"1024\" height=\"401\" src=\"https:\/\/www.micronatura.si\/wp-content\/uploads\/2024\/01\/drop-of-water-drop-impact-578897-e1706275395738-1024x401.jpg\" class=\"attachment-large size-large wp-image-7950\" alt=\"drop of water, drop, impact-578897.jpg\" srcset=\"https:\/\/www.micronatura.si\/wp-content\/uploads\/2024\/01\/drop-of-water-drop-impact-578897-e1706275395738-1024x401.jpg 1024w, https:\/\/www.micronatura.si\/wp-content\/uploads\/2024\/01\/drop-of-water-drop-impact-578897-e1706275395738-300x117.jpg 300w, https:\/\/www.micronatura.si\/wp-content\/uploads\/2024\/01\/drop-of-water-drop-impact-578897-e1706275395738-768x301.jpg 768w, https:\/\/www.micronatura.si\/wp-content\/uploads\/2024\/01\/drop-of-water-drop-impact-578897-e1706275395738-600x235.jpg 600w, https:\/\/www.micronatura.si\/wp-content\/uploads\/2024\/01\/drop-of-water-drop-impact-578897-e1706275395738.jpg 1280w\" sizes=\"(max-width: 1024px) 100vw, 1024px\" \/>\t\t\t\t\t\t\t\t\t\t\t\t\t<\/div>\n\t\t\t\t<\/div>\n\t\t\t\t<\/div>\n\t\t<div class=\"elementor-element elementor-element-48748d8 e-con-full e-flex e-con e-child\" data-id=\"48748d8\" data-element_type=\"container\">\n\t\t<div class=\"elementor-element elementor-element-585fa29 e-flex e-con-boxed e-con e-child\" data-id=\"585fa29\" data-element_type=\"container\">\n\t\t\t\t\t<div class=\"e-con-inner\">\n\t\t\t\t<div class=\"elementor-element elementor-element-28d9361 elementor-widget__width-initial elementor-widget elementor-widget-image\" data-id=\"28d9361\" data-element_type=\"widget\" data-widget_type=\"image.default\">\n\t\t\t\t<div class=\"elementor-widget-container\">\n\t\t\t\t\t\t\t\t\t\t\t\t\t\t<a href=\"https:\/\/www.micronatura.si\/?product=em-x-keramicni-obroc-velikost-s\">\n\t\t\t\t\t\t\t<img decoding=\"async\" width=\"468\" height=\"468\" src=\"https:\/\/www.micronatura.si\/wp-content\/uploads\/2022\/07\/MLDYS6WW612.png\" class=\"attachment-large size-large wp-image-6541\" alt=\"\" srcset=\"https:\/\/www.micronatura.si\/wp-content\/uploads\/2022\/07\/MLDYS6WW612.png 468w, https:\/\/www.micronatura.si\/wp-content\/uploads\/2022\/07\/MLDYS6WW612-300x300.png 300w, https:\/\/www.micronatura.si\/wp-content\/uploads\/2022\/07\/MLDYS6WW612-150x150.png 150w, https:\/\/www.micronatura.si\/wp-content\/uploads\/2022\/07\/MLDYS6WW612-100x100.png 100w\" sizes=\"(max-width: 468px) 100vw, 468px\" \/>\t\t\t\t\t\t\t\t<\/a>\n\t\t\t\t\t\t\t\t\t\t\t\t\t<\/div>\n\t\t\t\t<\/div>\n\t\t\t\t\t<\/div>\n\t\t\t\t<\/div>\n\t\t\t\t<div class=\"elementor-element elementor-element-00db2b2 elementor-arrows-position-inside elementor-pagination-position-outside elementor-widget elementor-widget-image-carousel\" data-id=\"00db2b2\" data-element_type=\"widget\" data-settings=\"{&quot;navigation&quot;:&quot;both&quot;,&quot;autoplay&quot;:&quot;yes&quot;,&quot;pause_on_hover&quot;:&quot;yes&quot;,&quot;pause_on_interaction&quot;:&quot;yes&quot;,&quot;autoplay_speed&quot;:5000,&quot;infinite&quot;:&quot;yes&quot;,&quot;speed&quot;:500}\" data-widget_type=\"image-carousel.default\">\n\t\t\t\t<div class=\"elementor-widget-container\">\n\t\t\t\t\t<div class=\"elementor-image-carousel-wrapper swiper\" dir=\"ltr\">\n\t\t\t<div class=\"elementor-image-carousel swiper-wrapper\" aria-live=\"off\">\n\t\t\t\t\t\t\t\t<div class=\"swiper-slide\" role=\"group\" aria-roledescription=\"slide\" aria-label=\"1 of 2\"><figure class=\"swiper-slide-inner\"><img decoding=\"async\" class=\"swiper-slide-image\" src=\"https:\/\/www.micronatura.si\/wp-content\/uploads\/2022\/07\/MLDYS6WW612-150x150.png\" alt=\"\" \/><\/figure><\/div><div class=\"swiper-slide\" role=\"group\" aria-roledescription=\"slide\" aria-label=\"2 of 2\"><figure class=\"swiper-slide-inner\"><img decoding=\"async\" class=\"swiper-slide-image\" src=\"https:\/\/www.micronatura.si\/wp-content\/uploads\/2022\/07\/EM-ceramic-1-150x150.png\" alt=\"\" \/><\/figure><\/div>\t\t\t<\/div>\n\t\t\t\t\t\t\t\t\t\t\t\t<div class=\"elementor-swiper-button elementor-swiper-button-prev\" role=\"button\" tabindex=\"0\">\n\t\t\t\t\t\t<i aria-hidden=\"true\" class=\"eicon-chevron-left\"><\/i>\t\t\t\t\t<\/div>\n\t\t\t\t\t<div class=\"elementor-swiper-button elementor-swiper-button-next\" role=\"button\" tabindex=\"0\">\n\t\t\t\t\t\t<i aria-hidden=\"true\" class=\"eicon-chevron-right\"><\/i>\t\t\t\t\t<\/div>\n\t\t\t\t\n\t\t\t\t\t\t\t\t\t<div class=\"swiper-pagination\"><\/div>\n\t\t\t\t\t\t\t\t\t<\/div>\n\t\t\t\t<\/div>\n\t\t\t\t<\/div>\n\t\t\t\t<\/div>\n\t\t\t\t<\/div>\n\t\t<div class=\"elementor-element elementor-element-67dfc80 e-con-full e-flex e-con e-parent\" data-id=\"67dfc80\" data-element_type=\"container\">\n\t\t<div class=\"elementor-element elementor-element-106f5d5 e-con-full e-flex e-con e-child\" data-id=\"106f5d5\" data-element_type=\"container\">\n\t\t<div class=\"elementor-element elementor-element-4b3cf18 e-flex e-con-boxed e-con e-child\" data-id=\"4b3cf18\" data-element_type=\"container\">\n\t\t\t\t\t<div class=\"e-con-inner\">\n\t\t\t\t<div class=\"elementor-element elementor-element-159c529 elementor-widget__width-initial elementor-widget elementor-widget-image\" data-id=\"159c529\" data-element_type=\"widget\" data-widget_type=\"image.default\">\n\t\t\t\t<div class=\"elementor-widget-container\">\n\t\t\t\t\t\t\t\t\t\t\t\t\t<img decoding=\"async\" width=\"567\" height=\"567\" src=\"https:\/\/www.micronatura.si\/wp-content\/uploads\/2022\/05\/Em-x-Gold-ucinki.jpg\" class=\"attachment-medium_large size-medium_large wp-image-5276\" alt=\"\" srcset=\"https:\/\/www.micronatura.si\/wp-content\/uploads\/2022\/05\/Em-x-Gold-ucinki.jpg 567w, https:\/\/www.micronatura.si\/wp-content\/uploads\/2022\/05\/Em-x-Gold-ucinki-300x300.jpg 300w, https:\/\/www.micronatura.si\/wp-content\/uploads\/2022\/05\/Em-x-Gold-ucinki-150x150.jpg 150w, https:\/\/www.micronatura.si\/wp-content\/uploads\/2022\/05\/Em-x-Gold-ucinki-100x100.jpg 100w\" sizes=\"(max-width: 567px) 100vw, 567px\" \/>\t\t\t\t\t\t\t\t\t\t\t\t\t<\/div>\n\t\t\t\t<\/div>\n\t\t\t\t\t<\/div>\n\t\t\t\t<\/div>\n\t\t\t\t<\/div>\n\t\t<div class=\"elementor-element elementor-element-24617f0 e-con-full e-flex e-con e-child\" data-id=\"24617f0\" data-element_type=\"container\">\n\t\t<div class=\"elementor-element elementor-element-a0bb1e7 e-flex e-con-boxed e-con e-child\" data-id=\"a0bb1e7\" data-element_type=\"container\">\n\t\t\t\t\t<div class=\"e-con-inner\">\n\t\t\t\t<div class=\"elementor-element elementor-element-b04d234 elementor-widget elementor-widget-text-editor\" data-id=\"b04d234\" data-element_type=\"widget\" data-widget_type=\"text-editor.default\">\n\t\t\t\t<div class=\"elementor-widget-container\">\n\t\t\t\t\t\t\t<h3><span class=\"jCAhz ChMk0b\"><span class=\"ryNqvb\">Napolnite svoj imunski sistem.<\/span><\/span>\u00a0<\/h3><p><span class=\"jCAhz ChMk0b\"><span class=\"ryNqvb\">EM-X Gold, ki ga podpirajo zdravniki, je japonska antioksidativna zdrava pija\u010da, ki vam pomaga ohranjati imunsko odpornost.<\/span><\/span>\u00a0<span class=\"jCAhz ChMk0b\"><span class=\"ryNqvb\">Vsebuje visoko aktivne antioksidante ter 40 vitalnih mineralov in bioaktivnih snovi, ki nevtralizirajo proste radikale in spodbujajo lastne antioksidativne encime va\u0161ega telesa.<\/span><\/span>\u00a0<\/p>\t\t\t\t\t\t<\/div>\n\t\t\t\t<\/div>\n\t\t\t\t\t<\/div>\n\t\t\t\t<\/div>\n\t\t<div class=\"elementor-element elementor-element-df8d0d6 e-flex e-con-boxed e-con e-child\" data-id=\"df8d0d6\" data-element_type=\"container\">\n\t\t\t\t\t<div class=\"e-con-inner\">\n\t\t\t\t<div class=\"elementor-element elementor-element-474501b elementor-widget__width-initial elementor-widget elementor-widget-text-editor\" data-id=\"474501b\" data-element_type=\"widget\" data-widget_type=\"text-editor.default\">\n\t\t\t\t<div class=\"elementor-widget-container\">\n\t\t\t\t\t\t\t<h4 style=\"text-align: left;\"><span class=\"jCAhz ChMk0b\"><span class=\"ryNqvb\">EM-X Gold pomaga na ve\u010d podro\u010djih:<\/span><\/span>\u00a0<\/h4><ul><li style=\"text-align: left;\"><span class=\"jCAhz ChMk0b\"><span class=\"ryNqvb\">Razstrupljanje: hitreje se znebite \u0161kodljivih snovi.<\/span><\/span>\u00a0<\/li><li style=\"text-align: left;\"><span class=\"jCAhz ChMk0b\"><span class=\"ryNqvb\">Uravnote\u017eite kislost in bazi\u010dnost svojega telesa.<\/span><\/span>\u00a0<\/li><li style=\"text-align: left;\"><span class=\"jCAhz ChMk0b\"><span class=\"ryNqvb\">Okrepi imunski sistem: pomagajte svojemu telesu, da se bolje brani.<\/span><\/span>\u00a0<\/li><li style=\"text-align: left;\"><span class=\"jCAhz ChMk0b\"><span class=\"ryNqvb\">Naravno laj\u0161anje bole\u010din v sklepih: EM-X Gold deluje protivnetno.<\/span><\/span>\u00a0<\/li><li style=\"text-align: left;\"><span class=\"jCAhz ChMk0b\"><span class=\"ryNqvb\">Postanite bolj odporni na oku\u017ebe: la\u017eje se borite proti boleznim.<\/span><\/span>\u00a0<\/li><li style=\"text-align: left;\"><span class=\"jCAhz ChMk0b\"><span class=\"ryNqvb\">Zmanj\u0161ajte alergije: naredite alergijske reakcije manj izrazite.<\/span><\/span><\/li><li style=\"text-align: left;\">Pri stresnih situacijah (kemoterapija, imunoterapija itd) pomaga pri regeneraciji organizma.<\/li><\/ul>\t\t\t\t\t\t<\/div>\n\t\t\t\t<\/div>\n\t\t\t\t<div class=\"elementor-element elementor-element-bc78538 elementor-widget elementor-widget-image\" data-id=\"bc78538\" data-element_type=\"widget\" data-widget_type=\"image.default\">\n\t\t\t\t<div class=\"elementor-widget-container\">\n\t\t\t\t\t\t\t\t\t\t\t\t\t\t<a href=\"https:\/\/www.micronatura.si\/?product=em-x-gold-500ml\">\n\t\t\t\t\t\t\t<img loading=\"lazy\" decoding=\"async\" width=\"440\" height=\"453\" src=\"https:\/\/www.micronatura.si\/wp-content\/uploads\/2022\/05\/em-x-gold.jpg\" class=\"attachment-large size-large wp-image-5275\" alt=\"\" srcset=\"https:\/\/www.micronatura.si\/wp-content\/uploads\/2022\/05\/em-x-gold.jpg 440w, https:\/\/www.micronatura.si\/wp-content\/uploads\/2022\/05\/em-x-gold-291x300.jpg 291w\" sizes=\"(max-width: 440px) 100vw, 440px\" \/>\t\t\t\t\t\t\t\t<\/a>\n\t\t\t\t\t\t\t\t\t\t\t\t\t<\/div>\n\t\t\t\t<\/div>\n\t\t\t\t\t<\/div>\n\t\t\t\t<\/div>\n\t\t\t\t<\/div>\n\t\t\t\t<\/div>\n\t\t<div class=\"elementor-element elementor-element-99d8067 e-con-full e-flex e-con e-parent\" data-id=\"99d8067\" data-element_type=\"container\">\n\t\t\t\t<div class=\"elementor-element elementor-element-a48c5cf elementor-arrows-position-inside elementor-pagination-position-outside elementor-widget elementor-widget-image-carousel\" data-id=\"a48c5cf\" data-element_type=\"widget\" data-settings=\"{&quot;slides_to_show&quot;:&quot;5&quot;,&quot;navigation&quot;:&quot;both&quot;,&quot;autoplay&quot;:&quot;yes&quot;,&quot;pause_on_hover&quot;:&quot;yes&quot;,&quot;pause_on_interaction&quot;:&quot;yes&quot;,&quot;autoplay_speed&quot;:5000,&quot;infinite&quot;:&quot;yes&quot;,&quot;speed&quot;:500}\" data-widget_type=\"image-carousel.default\">\n\t\t\t\t<div class=\"elementor-widget-container\">\n\t\t\t\t\t<div class=\"elementor-image-carousel-wrapper swiper\" dir=\"ltr\">\n\t\t\t<div class=\"elementor-image-carousel swiper-wrapper\" aria-live=\"off\">\n\t\t\t\t\t\t\t\t<div class=\"swiper-slide\" role=\"group\" aria-roledescription=\"slide\" aria-label=\"1 of 5\"><a data-elementor-open-lightbox=\"yes\" data-elementor-lightbox-slideshow=\"a48c5cf\" data-elementor-lightbox-title=\"keramicni-obroc-L\" data-e-action-hash=\"#elementor-action%3Aaction%3Dlightbox%26settings%3DeyJpZCI6NTQ2MSwidXJsIjoiaHR0cHM6XC9cL3d3dy5taWNyb25hdHVyYS5zaVwvd3AtY29udGVudFwvdXBsb2Fkc1wvMjAyMlwvMDdcL2tlcmFtaWNuaS1vYnJvYy1MLWUxNzAxODYzODU3NDM4LmpwZyIsInNsaWRlc2hvdyI6ImE0OGM1Y2YifQ%3D%3D\" href=\"https:\/\/www.micronatura.si\/?product_cat=em-za-ljudi\"><figure class=\"swiper-slide-inner\"><img decoding=\"async\" class=\"swiper-slide-image\" src=\"https:\/\/www.micronatura.si\/wp-content\/uploads\/2022\/07\/keramicni-obroc-L-e1701863857438-150x150.jpg\" alt=\"\" \/><\/figure><\/a><\/div><div class=\"swiper-slide\" role=\"group\" aria-roledescription=\"slide\" aria-label=\"2 of 5\"><a data-elementor-open-lightbox=\"yes\" data-elementor-lightbox-slideshow=\"a48c5cf\" data-elementor-lightbox-title=\"em-minerali\" data-e-action-hash=\"#elementor-action%3Aaction%3Dlightbox%26settings%3DeyJpZCI6NTQ1OSwidXJsIjoiaHR0cHM6XC9cL3d3dy5taWNyb25hdHVyYS5zaVwvd3AtY29udGVudFwvdXBsb2Fkc1wvMjAyMlwvMDdcL2VtLW1pbmVyYWxpLmpwZyIsInNsaWRlc2hvdyI6ImE0OGM1Y2YifQ%3D%3D\" href=\"https:\/\/www.micronatura.si\/?product_cat=em-za-ljudi\"><figure class=\"swiper-slide-inner\"><img decoding=\"async\" class=\"swiper-slide-image\" src=\"https:\/\/www.micronatura.si\/wp-content\/uploads\/2022\/07\/em-minerali-150x150.jpg\" alt=\"\" \/><\/figure><\/a><\/div><div class=\"swiper-slide\" role=\"group\" aria-roledescription=\"slide\" aria-label=\"3 of 5\"><a data-elementor-open-lightbox=\"yes\" data-elementor-lightbox-slideshow=\"a48c5cf\" data-elementor-lightbox-title=\"em-sol\" data-e-action-hash=\"#elementor-action%3Aaction%3Dlightbox%26settings%3DeyJpZCI6NTQ1NywidXJsIjoiaHR0cHM6XC9cL3d3dy5taWNyb25hdHVyYS5zaVwvd3AtY29udGVudFwvdXBsb2Fkc1wvMjAyMlwvMDdcL2VtLXNvbC5qcGciLCJzbGlkZXNob3ciOiJhNDhjNWNmIn0%3D\" href=\"https:\/\/www.micronatura.si\/?product_cat=em-za-ljudi\"><figure class=\"swiper-slide-inner\"><img decoding=\"async\" class=\"swiper-slide-image\" src=\"https:\/\/www.micronatura.si\/wp-content\/uploads\/2022\/07\/em-sol-150x150.jpg\" alt=\"\" \/><\/figure><\/a><\/div><div class=\"swiper-slide\" role=\"group\" aria-roledescription=\"slide\" aria-label=\"4 of 5\"><a data-elementor-open-lightbox=\"yes\" data-elementor-lightbox-slideshow=\"a48c5cf\" data-elementor-lightbox-title=\"em-x-gold\" data-e-action-hash=\"#elementor-action%3Aaction%3Dlightbox%26settings%3DeyJpZCI6NTI3NSwidXJsIjoiaHR0cHM6XC9cL3d3dy5taWNyb25hdHVyYS5zaVwvd3AtY29udGVudFwvdXBsb2Fkc1wvMjAyMlwvMDVcL2VtLXgtZ29sZC5qcGciLCJzbGlkZXNob3ciOiJhNDhjNWNmIn0%3D\" href=\"https:\/\/www.micronatura.si\/?product_cat=em-za-ljudi\"><figure class=\"swiper-slide-inner\"><img decoding=\"async\" class=\"swiper-slide-image\" src=\"https:\/\/www.micronatura.si\/wp-content\/uploads\/2022\/05\/em-x-gold-150x150.jpg\" alt=\"\" \/><\/figure><\/a><\/div><div class=\"swiper-slide\" role=\"group\" aria-roledescription=\"slide\" aria-label=\"5 of 5\"><a data-elementor-open-lightbox=\"yes\" data-elementor-lightbox-slideshow=\"a48c5cf\" data-elementor-lightbox-title=\"EM-ceramic-1\" data-e-action-hash=\"#elementor-action%3Aaction%3Dlightbox%26settings%3DeyJpZCI6NTQ0OCwidXJsIjoiaHR0cHM6XC9cL3d3dy5taWNyb25hdHVyYS5zaVwvd3AtY29udGVudFwvdXBsb2Fkc1wvMjAyMlwvMDdcL0VNLWNlcmFtaWMtMS5wbmciLCJzbGlkZXNob3ciOiJhNDhjNWNmIn0%3D\" href=\"https:\/\/www.micronatura.si\/?product_cat=em-za-ljudi\"><figure class=\"swiper-slide-inner\"><img decoding=\"async\" class=\"swiper-slide-image\" src=\"https:\/\/www.micronatura.si\/wp-content\/uploads\/2022\/07\/EM-ceramic-1-150x150.png\" alt=\"\" \/><\/figure><\/a><\/div>\t\t\t<\/div>\n\t\t\t\t\t\t\t\t\t\t\t\t<div class=\"elementor-swiper-button elementor-swiper-button-prev\" role=\"button\" tabindex=\"0\">\n\t\t\t\t\t\t<i aria-hidden=\"true\" class=\"eicon-chevron-left\"><\/i>\t\t\t\t\t<\/div>\n\t\t\t\t\t<div class=\"elementor-swiper-button elementor-swiper-button-next\" role=\"button\" tabindex=\"0\">\n\t\t\t\t\t\t<i aria-hidden=\"true\" class=\"eicon-chevron-right\"><\/i>\t\t\t\t\t<\/div>\n\t\t\t\t\n\t\t\t\t\t\t\t\t\t<div class=\"swiper-pagination\"><\/div>\n\t\t\t\t\t\t\t\t\t<\/div>\n\t\t\t\t<\/div>\n\t\t\t\t<\/div>\n\t\t\t\t<\/div>\n\t\t\t\t<\/div>\n\t\t","protected":false},"excerpt":{"rendered":"<p>Zdravje in osebna nega Spodbuja zdrav imunski sistem Strukturirana voda podpira va\u0161 imunski sistem na ve\u010d na\u010dinov, vklju\u010dno s spodbujanjem optimalne biolo\u0161ke uporabnosti hranil in hidracije celic. Prav tako olaj\u0161a va\u0161im celicam, da absorbirajo kisik, kar ima za posledico pravilno delovanje va\u0161ih sistemov. Poleg tega pomaga pri prepre\u010devanju toksinov v telesu, ki bi lahko negativno [&hellip;]<\/p>\n","protected":false},"author":1,"featured_media":0,"parent":5956,"menu_order":0,"comment_status":"closed","ping_status":"closed","template":"","meta":{"site-sidebar-layout":"no-sidebar","site-content-layout":"page-builder","ast-site-content-layout":"","site-content-style":"default","site-sidebar-style":"default","ast-global-header-display":"","ast-banner-title-visibility":"","ast-main-header-display":"","ast-hfb-above-header-display":"","ast-hfb-below-header-display":"","ast-hfb-mobile-header-display":"","site-post-title":"disabled","ast-breadcrumbs-content":"","ast-featured-img":"disabled","footer-sml-layout":"","theme-transparent-header-meta":"","adv-header-id-meta":"","stick-header-meta":"","header-above-stick-meta":"","header-main-stick-meta":"","header-below-stick-meta":"","astra-migrate-meta-layouts":"default","ast-page-background-enabled":"default","ast-page-background-meta":{"desktop":{"background-color":"","background-image":"","background-repeat":"repeat","background-position":"center center","background-size":"auto","background-attachment":"scroll","background-type":"","background-media":"","overlay-type":"","overlay-color":"","overlay-gradient":""},"tablet":{"background-color":"","background-image":"","background-repeat":"repeat","background-position":"center center","background-size":"auto","background-attachment":"scroll","background-type":"","background-media":"","overlay-type":"","overlay-color":"","overlay-gradient":""},"mobile":{"background-color":"","background-image":"","background-repeat":"repeat","background-position":"center center","background-size":"auto","background-attachment":"scroll","background-type":"","background-media":"","overlay-type":"","overlay-color":"","overlay-gradient":""}},"ast-content-background-meta":{"desktop":{"background-color":"var(--ast-global-color-5)","background-image":"","background-repeat":"repeat","background-position":"center center","background-size":"auto","background-attachment":"scroll","background-type":"","background-media":"","overlay-type":"","overlay-color":"","overlay-gradient":""},"tablet":{"background-color":"var(--ast-global-color-5)","background-image":"","background-repeat":"repeat","background-position":"center center","background-size":"auto","background-attachment":"scroll","background-type":"","background-media":"","overlay-type":"","overlay-color":"","overlay-gradient":""},"mobile":{"background-color":"var(--ast-global-color-5)","background-image":"","background-repeat":"repeat","background-position":"center center","background-size":"auto","background-attachment":"scroll","background-type":"","background-media":"","overlay-type":"","overlay-color":"","overlay-gradient":""}},"footnotes":""},"aioseo_notices":[],"_links":{"self":[{"href":"https:\/\/www.micronatura.si\/index.php?rest_route=\/wp\/v2\/pages\/6487"}],"collection":[{"href":"https:\/\/www.micronatura.si\/index.php?rest_route=\/wp\/v2\/pages"}],"about":[{"href":"https:\/\/www.micronatura.si\/index.php?rest_route=\/wp\/v2\/types\/page"}],"author":[{"embeddable":true,"href":"https:\/\/www.micronatura.si\/index.php?rest_route=\/wp\/v2\/users\/1"}],"replies":[{"embeddable":true,"href":"https:\/\/www.micronatura.si\/index.php?rest_route=%2Fwp%2Fv2%2Fcomments&post=6487"}],"version-history":[{"count":43,"href":"https:\/\/www.micronatura.si\/index.php?rest_route=\/wp\/v2\/pages\/6487\/revisions"}],"predecessor-version":[{"id":7959,"href":"https:\/\/www.micronatura.si\/index.php?rest_route=\/wp\/v2\/pages\/6487\/revisions\/7959"}],"up":[{"embeddable":true,"href":"https:\/\/www.micronatura.si\/index.php?rest_route=\/wp\/v2\/pages\/5956"}],"wp:attachment":[{"href":"https:\/\/www.micronatura.si\/index.php?rest_route=%2Fwp%2Fv2%2Fmedia&parent=6487"}],"curies":[{"name":"wp","href":"https:\/\/api.w.org\/{rel}","templated":true}]}}