{"id":7520,"date":"2024-01-09T09:04:15","date_gmt":"2024-01-09T08:04:15","guid":{"rendered":"http:\/\/dev.micronatura.si\/?page_id=7520"},"modified":"2024-02-09T10:53:38","modified_gmt":"2024-02-09T09:53:38","slug":"ekoremediacija-po-poplavah","status":"publish","type":"page","link":"https:\/\/www.micronatura.si\/?page_id=7520","title":{"rendered":"Ekoremediacija po poplavah"},"content":{"rendered":"\t\t<div data-elementor-type=\"wp-page\" data-elementor-id=\"7520\" class=\"elementor elementor-7520\">\n\t\t\t\t\t\t<section class=\"elementor-section elementor-top-section elementor-element elementor-element-6d34fd44 elementor-section-height-min-height elementor-section-content-middle elementor-section-boxed elementor-section-height-default elementor-section-items-middle elementor-invisible\" data-id=\"6d34fd44\" data-element_type=\"section\" data-settings=\"{&quot;background_background&quot;:&quot;classic&quot;,&quot;animation&quot;:&quot;fadeInDown&quot;}\">\n\t\t\t\t\t\t\t<div class=\"elementor-background-overlay\"><\/div>\n\t\t\t\t\t\t\t<div class=\"elementor-container elementor-column-gap-no\">\n\t\t\t\t\t<div class=\"elementor-column elementor-col-100 elementor-top-column elementor-element elementor-element-4a1ec230\" data-id=\"4a1ec230\" data-element_type=\"column\">\n\t\t\t<div class=\"elementor-widget-wrap elementor-element-populated\">\n\t\t\t\t\t\t<div class=\"elementor-element elementor-element-3578d747 elementor-widget__width-initial elementor-widget elementor-widget-heading\" data-id=\"3578d747\" data-element_type=\"widget\" data-widget_type=\"heading.default\">\n\t\t\t\t<div class=\"elementor-widget-container\">\n\t\t\t<h1 class=\"elementor-heading-title elementor-size-xl\">Ekoremediacije po poplavah<\/h1>\t\t<\/div>\n\t\t\t\t<\/div>\n\t\t\t\t\t<\/div>\n\t\t<\/div>\n\t\t\t\t\t<\/div>\n\t\t<\/section>\n\t\t<div class=\"elementor-element elementor-element-ac05cb9 e-con-full e-flex e-con e-parent\" data-id=\"ac05cb9\" data-element_type=\"container\">\n\t\t<div class=\"elementor-element elementor-element-b40f781 e-con-full e-flex e-con e-child\" data-id=\"b40f781\" data-element_type=\"container\">\n\t\t\t\t<div class=\"elementor-element elementor-element-ed076c0 elementor-widget elementor-widget-text-editor\" data-id=\"ed076c0\" data-element_type=\"widget\" data-widget_type=\"text-editor.default\">\n\t\t\t\t<div class=\"elementor-widget-container\">\n\t\t\t\t\t\t\t<div class=\"xdj266r x11i5rnm xat24cr x1mh8g0r x1vvkbs x126k92a\">\n<div dir=\"auto\" style=\"text-align: left;\">Poplave so eden od bolj uni\u010dujo\u010dih naravnih katastrof. Energija, ki jo nosi s seboj voda, je milo re\u010deno ogromna. Zaradi hitrosti, gostote in sposobnosti pronicanja v pore, vsebuje velike koli\u010dine drugih snovi in hkrati ustvarja pogoje za razvoj patogenih. Prisotna je velika koli\u010dina organske snovi in onesna\u017eil, kot so ostanki naftnih derivatov, topil, \u2026<\/div><\/div>\n<div class=\"x11i5rnm xat24cr x1mh8g0r x1vvkbs xtlvy1s x126k92a\">\n<\/div>\t\t\t\t\t\t<\/div>\n\t\t\t\t<\/div>\n\t\t\t\t<div class=\"elementor-element elementor-element-df28110 elementor-widget elementor-widget-text-editor\" data-id=\"df28110\" data-element_type=\"widget\" data-widget_type=\"text-editor.default\">\n\t\t\t\t<div class=\"elementor-widget-container\">\n\t\t\t\t\t\t\t<div class=\"x11i5rnm xat24cr x1mh8g0r x1vvkbs xtlvy1s x126k92a\"><div dir=\"auto\" style=\"text-align: left;\">EM\u00ae omogo\u010da na naraven na\u010din bioremediirati posledice po poplavnih stanj. Po<span style=\"color: var( --e-global-color-astglobalcolor4 ); text-align: center; font-size: 1rem;\">membno upo\u0161tevati, da je jakost in tip onesna\u017eenja ter lokalne karakteristike poplavljenega podro\u010dja potrebno upo\u0161tevati, pri planiranju na\u010dina aplikacije EM\u00ae.<\/span><\/div><\/div>\t\t\t\t\t\t<\/div>\n\t\t\t\t<\/div>\n\t\t\t\t<div class=\"elementor-element elementor-element-0c6b2a4 elementor-widget elementor-widget-text-editor\" data-id=\"0c6b2a4\" data-element_type=\"widget\" data-widget_type=\"text-editor.default\">\n\t\t\t\t<div class=\"elementor-widget-container\">\n\t\t\t\t\t\t\t<div class=\"xdj266r x11i5rnm xat24cr x1mh8g0r x1vvkbs x126k92a\">\n<div dir=\"auto\" style=\"text-align: left;\"><div class=\"x11i5rnm xat24cr x1mh8g0r x1vvkbs xtlvy1s x126k92a\"><div dir=\"auto\"><span style=\"background-color: var(--ast-global-color-4); color: var( --e-global-color-secondary ); font-size: 1rem;\">EM lahko pozitivno vpliva na splo\u0161no psihi\u010dno in zdravstveno stanje udele\u017eencev remediacije, saj se njegovi pozitivni u\u010dinki ka\u017eejo zelo hitro, kar \u0161e bolj zdru\u017euje prizadeto skupnost.<\/span><br><\/div><\/div><div class=\"x11i5rnm xat24cr x1mh8g0r x1vvkbs xtlvy1s x126k92a\"><div dir=\"auto\">Najbolj\u0161i u\u010dinek dose\u017eemo ko so akcije koordinirane in kjer je volja, da naredimo nekaj dobrega.<\/div><\/div><div class=\"x11i5rnm xat24cr x1mh8g0r x1vvkbs xtlvy1s x126k92a\"><div dir=\"auto\">Na\u0161e podjetje je \u017ee leta 2014 doniralo 2000l EM\u00ae (pribli\u017eno 100 hektarjev) KGZS Murska Sobota, da so njihovi kmetje po\u0161kropili njive, ko se je voda odmaknila.<\/div><\/div><div class=\"x11i5rnm xat24cr x1mh8g0r x1vvkbs xtlvy1s x126k92a\" style=\"text-align: center;\"><div dir=\"auto\" style=\"text-align: left;\">Tudi ob tej katastrofalnih poplavah bomo donirali dva krat po 1000l EM\u00ae.<\/div><\/div><\/div><\/div><div class=\"x11i5rnm xat24cr x1mh8g0r x1vvkbs xtlvy1s x126k92a\">\n<\/div>\t\t\t\t\t\t<\/div>\n\t\t\t\t<\/div>\n\t\t\t\t<\/div>\n\t\t<div class=\"elementor-element elementor-element-694010e e-con-full e-flex e-con e-child\" data-id=\"694010e\" data-element_type=\"container\">\n\t\t\t\t<div class=\"elementor-element elementor-element-6d49683 elementor-widget elementor-widget-text-editor\" data-id=\"6d49683\" data-element_type=\"widget\" data-widget_type=\"text-editor.default\">\n\t\t\t\t<div class=\"elementor-widget-container\">\n\t\t\t\t\t\t\t<ul><li dir=\"auto\" style=\"text-align: left;\">Dezinfekcija, prepre\u010duje dominacijo patogenih mikroorganizmov<\/li><li dir=\"auto\" style=\"text-align: left;\">prepre\u010duje gnitje organske snovi<\/li><li dir=\"auto\" style=\"text-align: left;\">eliminira slabe vonjave ki nastajajo kot posledica gnitja<\/li><li dir=\"auto\" style=\"text-align: left;\">eliminira amoniak<\/li><li dir=\"auto\" style=\"text-align: left;\">omogo\u010da hitrej\u0161o rekuperacijo rastlin<\/li><li dir=\"auto\" style=\"text-align: left;\">izbolj\u0161a strukturo tal<\/li><li dir=\"auto\" style=\"text-align: left;\">nima negativnega vpliva na okolje in je varen za uporabo<\/li><li dir=\"auto\" style=\"text-align: left;\">lahko zdru\u017euje lokalne skupnosti pri skupnih ukrepanjih pri remediaciji<\/li><li dir=\"auto\" style=\"text-align: left;\">je regenerativen in celosten pristop k po poplavnih remediacijiah<\/li><\/ul>\t\t\t\t\t\t<\/div>\n\t\t\t\t<\/div>\n\t\t\t\t<\/div>\n\t\t\t\t<\/div>\n\t\t<div class=\"elementor-element elementor-element-c36bd76 e-con-full e-flex e-con e-parent\" data-id=\"c36bd76\" data-element_type=\"container\">\n\t\t\t\t<div class=\"elementor-element elementor-element-038c823 elementor-widget elementor-widget-heading\" data-id=\"038c823\" data-element_type=\"widget\" data-widget_type=\"heading.default\">\n\t\t\t\t<div class=\"elementor-widget-container\">\n\t\t\t<h2 class=\"elementor-heading-title elementor-size-default\">Navodila za uporabo EM pri sanciji po poplavah:<\/h2>\t\t<\/div>\n\t\t\t\t<\/div>\n\t\t\t\t<\/div>\n\t\t<div class=\"elementor-element elementor-element-6aa2826 e-con-full e-flex e-con e-parent\" data-id=\"6aa2826\" data-element_type=\"container\">\n\t\t<div class=\"elementor-element elementor-element-9eb6145 e-con-full e-flex e-con e-child\" data-id=\"9eb6145\" data-element_type=\"container\">\n\t\t\t\t<div class=\"elementor-element elementor-element-0f484bd elementor-widget elementor-widget-image\" data-id=\"0f484bd\" data-element_type=\"widget\" data-widget_type=\"image.default\">\n\t\t\t\t<div class=\"elementor-widget-container\">\n\t\t\t\t\t\t\t\t\t\t\t\t\t\t<a href=\"http:\/\/dev.micronatura.si\/?product=em-organo-active\">\n\t\t\t\t\t\t\t<img fetchpriority=\"high\" decoding=\"async\" width=\"1024\" height=\"1024\" src=\"https:\/\/www.micronatura.si\/wp-content\/uploads\/2022\/08\/EM-ORGANO.jpg\" class=\"attachment-large size-large wp-image-5741\" alt=\"\" srcset=\"https:\/\/www.micronatura.si\/wp-content\/uploads\/2022\/08\/EM-ORGANO.jpg 1024w, https:\/\/www.micronatura.si\/wp-content\/uploads\/2022\/08\/EM-ORGANO-300x300.jpg 300w, https:\/\/www.micronatura.si\/wp-content\/uploads\/2022\/08\/EM-ORGANO-150x150.jpg 150w, https:\/\/www.micronatura.si\/wp-content\/uploads\/2022\/08\/EM-ORGANO-768x768.jpg 768w, https:\/\/www.micronatura.si\/wp-content\/uploads\/2022\/08\/EM-ORGANO-600x600.jpg 600w, https:\/\/www.micronatura.si\/wp-content\/uploads\/2022\/08\/EM-ORGANO-100x100.jpg 100w\" sizes=\"(max-width: 1024px) 100vw, 1024px\" \/>\t\t\t\t\t\t\t\t<\/a>\n\t\t\t\t\t\t\t\t\t\t\t\t\t<\/div>\n\t\t\t\t<\/div>\n\t\t\t\t<div class=\"elementor-element elementor-element-94b19a5 elementor-widget elementor-widget-text-editor\" data-id=\"94b19a5\" data-element_type=\"widget\" data-widget_type=\"text-editor.default\">\n\t\t\t\t<div class=\"elementor-widget-container\">\n\t\t\t\t\t\t\t<p style=\"text-align: left;\">Za zunajo uporabo, ceste, dvori\u0161\u010da, igri\u0161\u010da, njive, travniki, vrtovi priporo\u010damo EM Organo Active. Red\u010dimo z vodo lahko od 1:10 do 1:1000. Nana\u0161amo pribli\u017eno 1l \/ 250m2, po potrebi ve\u010dkrat.<\/p>\t\t\t\t\t\t<\/div>\n\t\t\t\t<\/div>\n\t\t\t\t<\/div>\n\t\t<div class=\"elementor-element elementor-element-c1d8ea6 e-con-full e-flex e-con e-child\" data-id=\"c1d8ea6\" data-element_type=\"container\">\n\t\t\t\t<div class=\"elementor-element elementor-element-e03745a elementor-widget elementor-widget-image\" data-id=\"e03745a\" data-element_type=\"widget\" data-widget_type=\"image.default\">\n\t\t\t\t<div class=\"elementor-widget-container\">\n\t\t\t\t\t\t\t\t\t\t\t\t\t\t<a href=\"http:\/\/dev.micronatura.si\/?product=em-white-apple\">\n\t\t\t\t\t\t\t<img decoding=\"async\" width=\"1024\" height=\"1024\" src=\"https:\/\/www.micronatura.si\/wp-content\/uploads\/2022\/05\/DSC_8170-1024x1024.jpg\" class=\"attachment-large size-large wp-image-5580\" alt=\"\" srcset=\"https:\/\/www.micronatura.si\/wp-content\/uploads\/2022\/05\/DSC_8170-1024x1024.jpg 1024w, https:\/\/www.micronatura.si\/wp-content\/uploads\/2022\/05\/DSC_8170-300x300.jpg 300w, https:\/\/www.micronatura.si\/wp-content\/uploads\/2022\/05\/DSC_8170-150x150.jpg 150w, https:\/\/www.micronatura.si\/wp-content\/uploads\/2022\/05\/DSC_8170-768x768.jpg 768w, https:\/\/www.micronatura.si\/wp-content\/uploads\/2022\/05\/DSC_8170-1536x1536.jpg 1536w, https:\/\/www.micronatura.si\/wp-content\/uploads\/2022\/05\/DSC_8170-2048x2048.jpg 2048w, https:\/\/www.micronatura.si\/wp-content\/uploads\/2022\/05\/DSC_8170-600x600.jpg 600w, https:\/\/www.micronatura.si\/wp-content\/uploads\/2022\/05\/DSC_8170-100x100.jpg 100w\" sizes=\"(max-width: 1024px) 100vw, 1024px\" \/>\t\t\t\t\t\t\t\t<\/a>\n\t\t\t\t\t\t\t\t\t\t\t\t\t<\/div>\n\t\t\t\t<\/div>\n\t\t\t\t<div class=\"elementor-element elementor-element-7e5c244 elementor-widget elementor-widget-text-editor\" data-id=\"7e5c244\" data-element_type=\"widget\" data-widget_type=\"text-editor.default\">\n\t\t\t\t<div class=\"elementor-widget-container\">\n\t\t\t\t\t\t\t<div class=\"xdj266r x11i5rnm xat24cr x1mh8g0r x1vvkbs x126k92a\"><div dir=\"auto\" style=\"text-align: left;\"><span style=\"font-size: 16px;\">Za sanacijo prostorov kot so kleti, hodniki, bivalne povr\u0161ine, delovna mesta, hale priporo\u010damo uporabo EM White Apple 1:10 do 1:100. \u0160kropimo po o\u010di\u0161\u010denih povr\u0161inah oziroma takoj po nesre\u010di. prepre\u010duje slabe vonjave in prepre\u010duje pojavnost patogenih.<\/span><\/div><\/div>\t\t\t\t\t\t<\/div>\n\t\t\t\t<\/div>\n\t\t\t\t<\/div>\n\t\t<div class=\"elementor-element elementor-element-c11f6a2 e-con-full e-flex e-con e-child\" data-id=\"c11f6a2\" data-element_type=\"container\">\n\t\t\t\t<div class=\"elementor-element elementor-element-848de75 elementor-widget elementor-widget-image\" data-id=\"848de75\" data-element_type=\"widget\" data-widget_type=\"image.default\">\n\t\t\t\t<div class=\"elementor-widget-container\">\n\t\t\t\t\t\t\t\t\t\t\t\t\t\t<a href=\"http:\/\/dev.micronatura.si\/?product=em-white-apple\">\n\t\t\t\t\t\t\t<img decoding=\"async\" width=\"724\" height=\"1024\" src=\"https:\/\/www.micronatura.si\/wp-content\/uploads\/2023\/08\/367696063_793558856107660_5103262684086852452_n-724x1024.jpg\" class=\"attachment-large size-large wp-image-7515\" alt=\"\" srcset=\"https:\/\/www.micronatura.si\/wp-content\/uploads\/2023\/08\/367696063_793558856107660_5103262684086852452_n-724x1024.jpg 724w, https:\/\/www.micronatura.si\/wp-content\/uploads\/2023\/08\/367696063_793558856107660_5103262684086852452_n-212x300.jpg 212w, https:\/\/www.micronatura.si\/wp-content\/uploads\/2023\/08\/367696063_793558856107660_5103262684086852452_n-768x1086.jpg 768w, https:\/\/www.micronatura.si\/wp-content\/uploads\/2023\/08\/367696063_793558856107660_5103262684086852452_n-1086x1536.jpg 1086w, https:\/\/www.micronatura.si\/wp-content\/uploads\/2023\/08\/367696063_793558856107660_5103262684086852452_n-600x849.jpg 600w, https:\/\/www.micronatura.si\/wp-content\/uploads\/2023\/08\/367696063_793558856107660_5103262684086852452_n.jpg 1448w\" sizes=\"(max-width: 724px) 100vw, 724px\" \/>\t\t\t\t\t\t\t\t<\/a>\n\t\t\t\t\t\t\t\t\t\t\t\t\t<\/div>\n\t\t\t\t<\/div>\n\t\t\t\t<\/div>\n\t\t\t\t<\/div>\n\t\t\t\t<\/div>\n\t\t","protected":false},"excerpt":{"rendered":"<p>Ekoremediacije po poplavah Poplave so eden od bolj uni\u010dujo\u010dih naravnih katastrof. Energija, ki jo nosi s seboj voda, je milo re\u010deno ogromna. Zaradi hitrosti, gostote in sposobnosti pronicanja v pore, vsebuje velike koli\u010dine drugih snovi in hkrati ustvarja pogoje za razvoj patogenih. Prisotna je velika koli\u010dina organske snovi in onesna\u017eil, kot so ostanki naftnih derivatov, [&hellip;]<\/p>\n","protected":false},"author":1,"featured_media":0,"parent":7203,"menu_order":0,"comment_status":"closed","ping_status":"closed","template":"","meta":{"site-sidebar-layout":"no-sidebar","site-content-layout":"page-builder","ast-site-content-layout":"full-width-container","site-content-style":"unboxed","site-sidebar-style":"unboxed","ast-global-header-display":"","ast-banner-title-visibility":"","ast-main-header-display":"","ast-hfb-above-header-display":"","ast-hfb-below-header-display":"","ast-hfb-mobile-header-display":"","site-post-title":"disabled","ast-breadcrumbs-content":"","ast-featured-img":"disabled","footer-sml-layout":"","theme-transparent-header-meta":"","adv-header-id-meta":"","stick-header-meta":"","header-above-stick-meta":"","header-main-stick-meta":"","header-below-stick-meta":"","astra-migrate-meta-layouts":"set","ast-page-background-enabled":"default","ast-page-background-meta":{"desktop":{"background-color":"","background-image":"","background-repeat":"repeat","background-position":"center center","background-size":"auto","background-attachment":"scroll","background-type":"","background-media":"","overlay-type":"","overlay-color":"","overlay-gradient":""},"tablet":{"background-color":"","background-image":"","background-repeat":"repeat","background-position":"center center","background-size":"auto","background-attachment":"scroll","background-type":"","background-media":"","overlay-type":"","overlay-color":"","overlay-gradient":""},"mobile":{"background-color":"","background-image":"","background-repeat":"repeat","background-position":"center center","background-size":"auto","background-attachment":"scroll","background-type":"","background-media":"","overlay-type":"","overlay-color":"","overlay-gradient":""}},"ast-content-background-meta":{"desktop":{"background-color":"var(--ast-global-color-5)","background-image":"","background-repeat":"repeat","background-position":"center center","background-size":"auto","background-attachment":"scroll","background-type":"","background-media":"","overlay-type":"","overlay-color":"","overlay-gradient":""},"tablet":{"background-color":"var(--ast-global-color-5)","background-image":"","background-repeat":"repeat","background-position":"center center","background-size":"auto","background-attachment":"scroll","background-type":"","background-media":"","overlay-type":"","overlay-color":"","overlay-gradient":""},"mobile":{"background-color":"var(--ast-global-color-5)","background-image":"","background-repeat":"repeat","background-position":"center center","background-size":"auto","background-attachment":"scroll","background-type":"","background-media":"","overlay-type":"","overlay-color":"","overlay-gradient":""}},"footnotes":""},"aioseo_notices":[],"_links":{"self":[{"href":"https:\/\/www.micronatura.si\/index.php?rest_route=\/wp\/v2\/pages\/7520"}],"collection":[{"href":"https:\/\/www.micronatura.si\/index.php?rest_route=\/wp\/v2\/pages"}],"about":[{"href":"https:\/\/www.micronatura.si\/index.php?rest_route=\/wp\/v2\/types\/page"}],"author":[{"embeddable":true,"href":"https:\/\/www.micronatura.si\/index.php?rest_route=\/wp\/v2\/users\/1"}],"replies":[{"embeddable":true,"href":"https:\/\/www.micronatura.si\/index.php?rest_route=%2Fwp%2Fv2%2Fcomments&post=7520"}],"version-history":[{"count":26,"href":"https:\/\/www.micronatura.si\/index.php?rest_route=\/wp\/v2\/pages\/7520\/revisions"}],"predecessor-version":[{"id":8091,"href":"https:\/\/www.micronatura.si\/index.php?rest_route=\/wp\/v2\/pages\/7520\/revisions\/8091"}],"up":[{"embeddable":true,"href":"https:\/\/www.micronatura.si\/index.php?rest_route=\/wp\/v2\/pages\/7203"}],"wp:attachment":[{"href":"https:\/\/www.micronatura.si\/index.php?rest_route=%2Fwp%2Fv2%2Fmedia&parent=7520"}],"curies":[{"name":"wp","href":"https:\/\/api.w.org\/{rel}","templated":true}]}}