{"id":9820,"date":"2025-07-21T09:09:35","date_gmt":"2025-07-21T07:09:35","guid":{"rendered":"https:\/\/www.micronatura.si\/?page_id=9820"},"modified":"2025-07-21T09:43:46","modified_gmt":"2025-07-21T07:43:46","slug":"siliranje","status":"publish","type":"page","link":"https:\/\/www.micronatura.si\/?page_id=9820","title":{"rendered":"Siliranje"},"content":{"rendered":"\t\t<div data-elementor-type=\"wp-page\" data-elementor-id=\"9820\" class=\"elementor elementor-9820\">\n\t\t\t\t\t\t<section class=\"elementor-section elementor-top-section elementor-element elementor-element-6d34fd44 elementor-section-height-min-height elementor-section-content-middle elementor-section-boxed elementor-section-height-default elementor-section-items-middle elementor-invisible\" data-id=\"6d34fd44\" data-element_type=\"section\" data-settings=\"{&quot;background_background&quot;:&quot;classic&quot;,&quot;animation&quot;:&quot;fadeInDown&quot;}\">\n\t\t\t\t\t\t\t<div class=\"elementor-background-overlay\"><\/div>\n\t\t\t\t\t\t\t<div class=\"elementor-container elementor-column-gap-no\">\n\t\t\t\t\t<div class=\"elementor-column elementor-col-100 elementor-top-column elementor-element elementor-element-4a1ec230\" data-id=\"4a1ec230\" data-element_type=\"column\">\n\t\t\t<div class=\"elementor-widget-wrap elementor-element-populated\">\n\t\t\t\t\t\t<div class=\"elementor-element elementor-element-3578d747 elementor-widget__width-initial elementor-widget elementor-widget-heading\" data-id=\"3578d747\" data-element_type=\"widget\" data-widget_type=\"heading.default\">\n\t\t\t\t<div class=\"elementor-widget-container\">\n\t\t\t<h1 class=\"elementor-heading-title elementor-size-xl\">Siliranje<\/h1>\t\t<\/div>\n\t\t\t\t<\/div>\n\t\t\t\t\t<\/div>\n\t\t<\/div>\n\t\t\t\t\t<\/div>\n\t\t<\/section>\n\t\t<div class=\"elementor-element elementor-element-fe5dc95 e-con-full e-flex e-con e-parent\" data-id=\"fe5dc95\" data-element_type=\"container\">\n\t\t<div class=\"elementor-element elementor-element-4e2c8bb e-con-full e-flex e-con e-child\" data-id=\"4e2c8bb\" data-element_type=\"container\">\n\t\t\t\t<div class=\"elementor-element elementor-element-8820224 elementor-widget elementor-widget-heading\" data-id=\"8820224\" data-element_type=\"widget\" data-widget_type=\"heading.default\">\n\t\t\t\t<div class=\"elementor-widget-container\">\n\t\t\t<h2 class=\"elementor-heading-title elementor-size-default\">Kvalitetna probioti\u010dna sila\u017ea za zdrave in sre\u010dne krave<\/h2>\t\t<\/div>\n\t\t\t\t<\/div>\n\t\t\t\t<div class=\"elementor-element elementor-element-98f5908 elementor-widget elementor-widget-text-editor\" data-id=\"98f5908\" data-element_type=\"widget\" data-widget_type=\"text-editor.default\">\n\t\t\t\t<div class=\"elementor-widget-container\">\n\t\t\t\t\t\t\t<h3><b style=\"font-size: 1.33333rem; font-style: inherit;\">Prednosti EM &#8211; ZOO:<\/b><\/h3><ul><li><b>Vpliv mle\u010dnokislinskih bakterij ter kvasovk na sila\u017eo:<\/b><\/li><\/ul><p><span style=\"font-style: inherit; font-weight: inherit;\">Dodane kvasovke v silosu proizvajajo propilenglikol, ki je nato na voljo tudi v vampu. Mle\u010dnokislinske bakterije pretvarjajo celulozo in glukozo v hlapne ma\u0161\u010dobne kisline ter izbolj\u0161ujejo aerobno stabilnost.<\/span><\/p><ul><li><span style=\"font-style: inherit;\"><b>Izbolj\u0161ana Kakovost Siliranja:<\/b><\/span><\/li><\/ul><p>EM &#8211; ZOO zagotavlja optimalno fermentacijo pri siliranju koruze, trave in detelje, kar pove\u010duje hranilno vrednost siliranih krmil.<\/p><ul><li><b>Podpora Presnovi:<\/b><\/li><\/ul><p>Probiotiki v EM ZOO spodbujajo zdravo \u010drevesno floro, kar vodi do bolj\u0161e absorpcije hranil in ve\u010dje energije za va\u0161a \u017eivali.<\/p><ul><li><b>Okrepljen Imunski Sistem:<\/b><\/li><\/ul><p>Redna uporaba EM ZOO pomaga pri prepre\u010devanju oku\u017eb in bolezni saj krepi imunski sistem in s tem splo\u0161no odpornost.<\/p><ul><li><b>Zmanj\u0161anje Stresa:<\/b><\/li><\/ul><p>EM &#8211; ZOO pripomore k zmanj\u0161anju stresa, kar se odra\u017ea v njihovem po\u010dutju in produktivnosti.<\/p><ul><li><b>Bolj\u0161a Kakovost Mleka in Mesa:<\/b><\/li><\/ul><p>Z uporabo EM ZOO se pove\u010da kakovost mleka in mesa, kar je pomembno za zadovoljstvo kmetov ter potro\u0161nikov.<\/p>\t\t\t\t\t\t<\/div>\n\t\t\t\t<\/div>\n\t\t<div class=\"elementor-element elementor-element-68c59c1 e-con-full e-flex e-con e-child\" data-id=\"68c59c1\" data-element_type=\"container\">\n\t\t\t\t<div class=\"elementor-element elementor-element-369c5c2 elementor-widget__width-initial elementor-widget elementor-widget-text-editor\" data-id=\"369c5c2\" data-element_type=\"widget\" data-widget_type=\"text-editor.default\">\n\t\t\t\t<div class=\"elementor-widget-container\">\n\t\t\t\t\t\t\t<h3><b>Pomen EM ZOO v Sodobnem Kmetijstvu:<\/b><\/h3><p><b><br \/><\/b> V dana\u0161njem \u010dasu, ko je donosnost, kakovost in trajnost vedno bolj pomembna, EM ZOO predstavlja inovativno re\u0161itev za kmete in rejce. Njegova naravna sestava in blagodejni u\u010dinki na zdravje \u017eivali zagotavljajo dolgoro\u010dne koristi tako za \u017eivali kot za kmete. Ohranja lastne vire kot so krmna vrednost, zdravje ter plodnost \u017eivali.<\/p>\t\t\t\t\t\t<\/div>\n\t\t\t\t<\/div>\n\t\t\t\t<div class=\"elementor-element elementor-element-b897a12 elementor-widget__width-initial elementor-widget elementor-widget-text-editor\" data-id=\"b897a12\" data-element_type=\"widget\" data-widget_type=\"text-editor.default\">\n\t\t\t\t<div class=\"elementor-widget-container\">\n\t\t\t\t\t\t\t<h3 style=\"text-align: left;\">Uporaba:<\/h3>\n<ul>\n<li style=\"text-align: left;\"><b>Priprava Sila\u017ee:<br><\/b> EM ZOO dodajamo v silirane materiale pred postopkom siliranja ro\u010dno ali preko aplikatorjev.<\/li>\n<li style=\"text-align: left;\"><b>Redno dodajanje v krmo:<br><\/b>Uporabljajte EM ZOO redno v krmi, za trajno podporo zdravju in dobremu po\u010dutju \u017eivali.\n<p><\/p>\n<\/li>\n<\/ul>\t\t\t\t\t\t<\/div>\n\t\t\t\t<\/div>\n\t\t\t\t<\/div>\n\t\t\t\t<\/div>\n\t\t<div class=\"elementor-element elementor-element-2693212 e-con-full e-flex elementor-invisible e-con e-child\" data-id=\"2693212\" data-element_type=\"container\" data-settings=\"{&quot;animation&quot;:&quot;fadeInRight&quot;}\">\n\t\t\t\t<div class=\"elementor-element elementor-element-cdd21f4 elementor-widget elementor-widget-text-editor\" data-id=\"cdd21f4\" data-element_type=\"widget\" data-widget_type=\"text-editor.default\">\n\t\t\t\t<div class=\"elementor-widget-container\">\n\t\t\t\t\t\t\t<h2><span style=\"color: #333333;\"><b>EM &#8211; ZOO:\u00a0<\/b><\/span><\/h2><h3><span style=\"color: #333333;\">Naravni Probiotik za Va\u0161e \u017divali<\/span><\/h3><p><span style=\"color: #333333;\">U\u010dinkovitost EM ZOO temelji na napredni tehnologiji EM-1, ki je zasnovana za izbolj\u0161anje zdravja in blaginje va\u0161ih \u017eivali. Vklju\u010duje naravne probioti\u010dne bakterije, ki pozitivno vplivajo na presnovo in imunski sistem.<\/span><\/p>\t\t\t\t\t\t<\/div>\n\t\t\t\t<\/div>\n\t\t\t\t<div class=\"elementor-element elementor-element-2998687 elementor-widget elementor-widget-image\" data-id=\"2998687\" data-element_type=\"widget\" data-widget_type=\"image.default\">\n\t\t\t\t<div class=\"elementor-widget-container\">\n\t\t\t\t\t\t\t\t\t\t\t\t\t\t<a href=\"https:\/\/www.micronatura.si\/?product=em-zoo-za-zivali-20l\">\n\t\t\t\t\t\t\t<img fetchpriority=\"high\" decoding=\"async\" width=\"1024\" height=\"1024\" src=\"https:\/\/www.micronatura.si\/wp-content\/uploads\/2024\/02\/mockup_EM_20l_zoo-emro-1024x1024.png\" class=\"attachment-large size-large wp-image-9589\" alt=\"\" srcset=\"https:\/\/www.micronatura.si\/wp-content\/uploads\/2024\/02\/mockup_EM_20l_zoo-emro-1024x1024.png 1024w, https:\/\/www.micronatura.si\/wp-content\/uploads\/2024\/02\/mockup_EM_20l_zoo-emro-300x300.png 300w, https:\/\/www.micronatura.si\/wp-content\/uploads\/2024\/02\/mockup_EM_20l_zoo-emro-150x150.png 150w, https:\/\/www.micronatura.si\/wp-content\/uploads\/2024\/02\/mockup_EM_20l_zoo-emro-768x768.png 768w, https:\/\/www.micronatura.si\/wp-content\/uploads\/2024\/02\/mockup_EM_20l_zoo-emro-1536x1536.png 1536w, https:\/\/www.micronatura.si\/wp-content\/uploads\/2024\/02\/mockup_EM_20l_zoo-emro-2048x2048.png 2048w, https:\/\/www.micronatura.si\/wp-content\/uploads\/2024\/02\/mockup_EM_20l_zoo-emro-600x600.png 600w, https:\/\/www.micronatura.si\/wp-content\/uploads\/2024\/02\/mockup_EM_20l_zoo-emro-100x100.png 100w\" sizes=\"(max-width: 1024px) 100vw, 1024px\" \/>\t\t\t\t\t\t\t\t<\/a>\n\t\t\t\t\t\t\t\t\t\t\t\t\t<\/div>\n\t\t\t\t<\/div>\n\t\t\t\t<div class=\"elementor-element elementor-element-f60e702 elementor-widget elementor-widget-image\" data-id=\"f60e702\" data-element_type=\"widget\" data-widget_type=\"image.default\">\n\t\t\t\t<div class=\"elementor-widget-container\">\n\t\t\t\t\t\t\t\t\t\t\t\t\t<img decoding=\"async\" width=\"1024\" height=\"683\" src=\"https:\/\/www.micronatura.si\/wp-content\/uploads\/2025\/07\/siliranje-2-manjsa-1024x683.png\" class=\"attachment-large size-large wp-image-9822\" alt=\"\" srcset=\"https:\/\/www.micronatura.si\/wp-content\/uploads\/2025\/07\/siliranje-2-manjsa-1024x683.png 1024w, https:\/\/www.micronatura.si\/wp-content\/uploads\/2025\/07\/siliranje-2-manjsa-300x200.png 300w, https:\/\/www.micronatura.si\/wp-content\/uploads\/2025\/07\/siliranje-2-manjsa-768x512.png 768w, https:\/\/www.micronatura.si\/wp-content\/uploads\/2025\/07\/siliranje-2-manjsa-1536x1024.png 1536w, https:\/\/www.micronatura.si\/wp-content\/uploads\/2025\/07\/siliranje-2-manjsa-2048x1366.png 2048w, https:\/\/www.micronatura.si\/wp-content\/uploads\/2025\/07\/siliranje-2-manjsa-600x400.png 600w\" sizes=\"(max-width: 1024px) 100vw, 1024px\" \/>\t\t\t\t\t\t\t\t\t\t\t\t\t<\/div>\n\t\t\t\t<\/div>\n\t\t\t\t<\/div>\n\t\t<div class=\"elementor-element elementor-element-af7376e e-con-full e-flex e-con e-child\" data-id=\"af7376e\" data-element_type=\"container\">\n\t\t<div class=\"elementor-element elementor-element-3953be9 e-con-full e-flex e-con e-child\" data-id=\"3953be9\" data-element_type=\"container\">\n\t\t\t\t<div class=\"elementor-element elementor-element-282b259 elementor-widget__width-initial elementor-widget elementor-widget-image\" data-id=\"282b259\" data-element_type=\"widget\" data-widget_type=\"image.default\">\n\t\t\t\t<div class=\"elementor-widget-container\">\n\t\t\t\t\t\t\t\t\t\t\t\t\t<img decoding=\"async\" width=\"1024\" height=\"681\" src=\"https:\/\/www.micronatura.si\/wp-content\/uploads\/2023\/12\/krave1-1024x681.jpg\" class=\"attachment-large size-large wp-image-7175\" alt=\"\" srcset=\"https:\/\/www.micronatura.si\/wp-content\/uploads\/2023\/12\/krave1-1024x681.jpg 1024w, https:\/\/www.micronatura.si\/wp-content\/uploads\/2023\/12\/krave1-300x200.jpg 300w, https:\/\/www.micronatura.si\/wp-content\/uploads\/2023\/12\/krave1-768x511.jpg 768w, https:\/\/www.micronatura.si\/wp-content\/uploads\/2023\/12\/krave1-1536x1022.jpg 1536w, https:\/\/www.micronatura.si\/wp-content\/uploads\/2023\/12\/krave1-600x399.jpg 600w, https:\/\/www.micronatura.si\/wp-content\/uploads\/2023\/12\/krave1.jpg 1572w\" sizes=\"(max-width: 1024px) 100vw, 1024px\" \/>\t\t\t\t\t\t\t\t\t\t\t\t\t<\/div>\n\t\t\t\t<\/div>\n\t\t\t\t<div class=\"elementor-element elementor-element-2ef5e99 elementor-widget__width-initial elementor-widget elementor-widget-image\" data-id=\"2ef5e99\" data-element_type=\"widget\" data-widget_type=\"image.default\">\n\t\t\t\t<div class=\"elementor-widget-container\">\n\t\t\t\t\t\t\t\t\t\t\t\t\t<img loading=\"lazy\" decoding=\"async\" width=\"1024\" height=\"681\" src=\"https:\/\/www.micronatura.si\/wp-content\/uploads\/2023\/12\/kokosi1-1024x681.jpg\" class=\"attachment-large size-large wp-image-7174\" alt=\"\" srcset=\"https:\/\/www.micronatura.si\/wp-content\/uploads\/2023\/12\/kokosi1-1024x681.jpg 1024w, https:\/\/www.micronatura.si\/wp-content\/uploads\/2023\/12\/kokosi1-300x200.jpg 300w, https:\/\/www.micronatura.si\/wp-content\/uploads\/2023\/12\/kokosi1-768x511.jpg 768w, https:\/\/www.micronatura.si\/wp-content\/uploads\/2023\/12\/kokosi1-1536x1022.jpg 1536w, https:\/\/www.micronatura.si\/wp-content\/uploads\/2023\/12\/kokosi1-600x399.jpg 600w, https:\/\/www.micronatura.si\/wp-content\/uploads\/2023\/12\/kokosi1.jpg 1568w\" sizes=\"(max-width: 1024px) 100vw, 1024px\" \/>\t\t\t\t\t\t\t\t\t\t\t\t\t<\/div>\n\t\t\t\t<\/div>\n\t\t\t\t<div class=\"elementor-element elementor-element-182eb36 elementor-widget__width-initial elementor-widget elementor-widget-image\" data-id=\"182eb36\" data-element_type=\"widget\" data-widget_type=\"image.default\">\n\t\t\t\t<div class=\"elementor-widget-container\">\n\t\t\t\t\t\t\t\t\t\t\t\t\t<img loading=\"lazy\" decoding=\"async\" width=\"1024\" height=\"680\" src=\"https:\/\/www.micronatura.si\/wp-content\/uploads\/2023\/12\/pujsek-1024x680.jpg\" class=\"attachment-large size-large wp-image-7057\" alt=\"\" srcset=\"https:\/\/www.micronatura.si\/wp-content\/uploads\/2023\/12\/pujsek-1024x680.jpg 1024w, https:\/\/www.micronatura.si\/wp-content\/uploads\/2023\/12\/pujsek-300x199.jpg 300w, https:\/\/www.micronatura.si\/wp-content\/uploads\/2023\/12\/pujsek-768x510.jpg 768w, https:\/\/www.micronatura.si\/wp-content\/uploads\/2023\/12\/pujsek-1536x1021.jpg 1536w, https:\/\/www.micronatura.si\/wp-content\/uploads\/2023\/12\/pujsek-600x399.jpg 600w, https:\/\/www.micronatura.si\/wp-content\/uploads\/2023\/12\/pujsek.jpg 1571w\" sizes=\"(max-width: 1024px) 100vw, 1024px\" \/>\t\t\t\t\t\t\t\t\t\t\t\t\t<\/div>\n\t\t\t\t<\/div>\n\t\t\t\t<\/div>\n\t\t\t\t<\/div>\n\t\t\t\t<\/div>\n\t\t<div class=\"elementor-element elementor-element-814e2ea e-con-full e-flex e-con e-parent\" data-id=\"814e2ea\" data-element_type=\"container\">\n\t\t\t\t<div class=\"elementor-element elementor-element-f0237a4 elementor-widget elementor-widget-text-editor\" data-id=\"f0237a4\" data-element_type=\"widget\" data-widget_type=\"text-editor.default\">\n\t\t\t\t<div class=\"elementor-widget-container\">\n\t\t\t\t\t\t\t<h2><span style=\"color: #ffffff;\">\u00a0Zaupajte EM &#8211; ZOO in izbolj\u0161ajte zdravje svojih \u017eivali!<\/span><\/h2>\t\t\t\t\t\t<\/div>\n\t\t\t\t<\/div>\n\t\t\t\t<\/div>\n\t\t\t\t<\/div>\n\t\t","protected":false},"excerpt":{"rendered":"<p>Siliranje Kvalitetna probioti\u010dna sila\u017ea za zdrave in sre\u010dne krave Prednosti EM &#8211; ZOO: Vpliv mle\u010dnokislinskih bakterij ter kvasovk na sila\u017eo: Dodane kvasovke v silosu proizvajajo propilenglikol, ki je nato na voljo tudi v vampu. Mle\u010dnokislinske bakterije pretvarjajo celulozo in glukozo v hlapne ma\u0161\u010dobne kisline ter izbolj\u0161ujejo aerobno stabilnost. Izbolj\u0161ana Kakovost Siliranja: EM &#8211; ZOO zagotavlja [&hellip;]<\/p>\n","protected":false},"author":1,"featured_media":9822,"parent":6388,"menu_order":0,"comment_status":"closed","ping_status":"closed","template":"","meta":{"site-sidebar-layout":"no-sidebar","site-content-layout":"page-builder","ast-site-content-layout":"full-width-container","site-content-style":"unboxed","site-sidebar-style":"unboxed","ast-global-header-display":"","ast-banner-title-visibility":"","ast-main-header-display":"","ast-hfb-above-header-display":"","ast-hfb-below-header-display":"","ast-hfb-mobile-header-display":"","site-post-title":"disabled","ast-breadcrumbs-content":"","ast-featured-img":"disabled","footer-sml-layout":"","theme-transparent-header-meta":"","adv-header-id-meta":"","stick-header-meta":"","header-above-stick-meta":"","header-main-stick-meta":"","header-below-stick-meta":"","astra-migrate-meta-layouts":"set","ast-page-background-enabled":"default","ast-page-background-meta":{"desktop":{"background-color":"","background-image":"","background-repeat":"repeat","background-position":"center center","background-size":"auto","background-attachment":"scroll","background-type":"","background-media":"","overlay-type":"","overlay-color":"","overlay-gradient":""},"tablet":{"background-color":"","background-image":"","background-repeat":"repeat","background-position":"center center","background-size":"auto","background-attachment":"scroll","background-type":"","background-media":"","overlay-type":"","overlay-color":"","overlay-gradient":""},"mobile":{"background-color":"","background-image":"","background-repeat":"repeat","background-position":"center center","background-size":"auto","background-attachment":"scroll","background-type":"","background-media":"","overlay-type":"","overlay-color":"","overlay-gradient":""}},"ast-content-background-meta":{"desktop":{"background-color":"var(--ast-global-color-5)","background-image":"","background-repeat":"repeat","background-position":"center center","background-size":"auto","background-attachment":"scroll","background-type":"","background-media":"","overlay-type":"","overlay-color":"","overlay-gradient":""},"tablet":{"background-color":"var(--ast-global-color-5)","background-image":"","background-repeat":"repeat","background-position":"center center","background-size":"auto","background-attachment":"scroll","background-type":"","background-media":"","overlay-type":"","overlay-color":"","overlay-gradient":""},"mobile":{"background-color":"var(--ast-global-color-5)","background-image":"","background-repeat":"repeat","background-position":"center center","background-size":"auto","background-attachment":"scroll","background-type":"","background-media":"","overlay-type":"","overlay-color":"","overlay-gradient":""}},"footnotes":""},"aioseo_notices":[],"_links":{"self":[{"href":"https:\/\/www.micronatura.si\/index.php?rest_route=\/wp\/v2\/pages\/9820"}],"collection":[{"href":"https:\/\/www.micronatura.si\/index.php?rest_route=\/wp\/v2\/pages"}],"about":[{"href":"https:\/\/www.micronatura.si\/index.php?rest_route=\/wp\/v2\/types\/page"}],"author":[{"embeddable":true,"href":"https:\/\/www.micronatura.si\/index.php?rest_route=\/wp\/v2\/users\/1"}],"replies":[{"embeddable":true,"href":"https:\/\/www.micronatura.si\/index.php?rest_route=%2Fwp%2Fv2%2Fcomments&post=9820"}],"version-history":[{"count":25,"href":"https:\/\/www.micronatura.si\/index.php?rest_route=\/wp\/v2\/pages\/9820\/revisions"}],"predecessor-version":[{"id":9850,"href":"https:\/\/www.micronatura.si\/index.php?rest_route=\/wp\/v2\/pages\/9820\/revisions\/9850"}],"up":[{"embeddable":true,"href":"https:\/\/www.micronatura.si\/index.php?rest_route=\/wp\/v2\/pages\/6388"}],"wp:featuredmedia":[{"embeddable":true,"href":"https:\/\/www.micronatura.si\/index.php?rest_route=\/wp\/v2\/media\/9822"}],"wp:attachment":[{"href":"https:\/\/www.micronatura.si\/index.php?rest_route=%2Fwp%2Fv2%2Fmedia&parent=9820"}],"curies":[{"name":"wp","href":"https:\/\/api.w.org\/{rel}","templated":true}]}}