{"id":8187,"date":"2024-02-16T14:41:20","date_gmt":"2024-02-16T13:41:20","guid":{"rendered":"https:\/\/www.micronatura.si\/?post_type=product&#038;p=8187"},"modified":"2026-02-05T13:46:47","modified_gmt":"2026-02-05T12:46:47","slug":"em-terra-active-20l","status":"publish","type":"product","link":"https:\/\/www.micronatura.si\/?product=em-terra-active-20l","title":{"rendered":"EM\u00ae Terra Active 20l"},"content":{"rendered":"<h3><img fetchpriority=\"high\" decoding=\"async\" class=\"aligncenter wp-image-6104 size-large\" src=\"http:\/\/www.micronatura.si\/wp-content\/uploads\/2022\/05\/zemlja-scaled-e1700812211846-1024x158.jpg\" alt=\"\" width=\"1024\" height=\"158\" srcset=\"https:\/\/www.micronatura.si\/wp-content\/uploads\/2022\/05\/zemlja-scaled-e1700812211846-1024x158.jpg 1024w, https:\/\/www.micronatura.si\/wp-content\/uploads\/2022\/05\/zemlja-scaled-e1700812211846-300x46.jpg 300w, https:\/\/www.micronatura.si\/wp-content\/uploads\/2022\/05\/zemlja-scaled-e1700812211846-768x119.jpg 768w, https:\/\/www.micronatura.si\/wp-content\/uploads\/2022\/05\/zemlja-scaled-e1700812211846-1536x238.jpg 1536w, https:\/\/www.micronatura.si\/wp-content\/uploads\/2022\/05\/zemlja-scaled-e1700812211846-2048x317.jpg 2048w, https:\/\/www.micronatura.si\/wp-content\/uploads\/2022\/05\/zemlja-scaled-e1700812211846-600x93.jpg 600w\" sizes=\"(max-width: 1024px) 100vw, 1024px\" \/><\/h3>\n<h3 style=\"text-align: center;\"><span style=\"color: #800000;\"><b>ZDRAVA TLA \u2013 ZDRAVE RASTLINE<\/b><\/span><\/h3>\n<p style=\"text-align: center;\">Najnovej\u0161a odkritja so si enotna, da bo za prihodnost proizvodnje hrane potrebno veliko ve\u010d pozornosti nameniti skrbi za rodovitna tla. Rodovitna tla niso samoumevna dobrina. Petdeset letna agrotehnika na poljih in travnikih, ki je kot osnovno tehnologijo uporabljala oranje, mineralna gnojila in pesticide, je za seboj pustila prete\u017eno mikrobiolo\u0161ko neaktivna tla, v katerih pa prevladujejo patogeni. Hkrati se je drasti\u010dno zni\u017eala vrednost humusa in posledi\u010dno padec pH vrednosti. Tak trend je nujno potrebno obrniti in EM<sup>\u00ae<\/sup>\u00a0tehnologija je en od na\u010dinov oziroma orodij.<\/p>\n<p style=\"text-align: center;\">Z uporabo sredstva EM TERRA ACTIVE zagotovimo na\u0161im rastlinam zdravo okolje za rast in jih varujemo pred boleznimi. Posledica naravnih procesov, ki jih izvajajo mikroorganizmi EM<sup>\u00ae<\/sup>\u00a0v zemlji, je zagotavljanje la\u017eje dostopnosti hranil rastlinam, stimulacijo proizvodnje bioaktivnih snovi in podpora obstoje\u010di koristni mikrobni zdru\u017ebi. Na ta na\u010din dobijo rastline vse potrebne snovi in minerale (\u010de so na voljo) za rast in razvoj.<\/p>\n<h3><span style=\"color: #800000;\"><b>Prednosti:<\/b><\/span><\/h3>\n<p><img decoding=\"async\" class=\"wp-image-6078 size-medium alignright\" src=\"http:\/\/www.micronatura.si\/wp-content\/uploads\/2022\/08\/bok5-300x108.jpg\" alt=\"\" width=\"300\" height=\"108\" srcset=\"https:\/\/www.micronatura.si\/wp-content\/uploads\/2022\/08\/bok5-300x108.jpg 300w, https:\/\/www.micronatura.si\/wp-content\/uploads\/2022\/08\/bok5-600x216.jpg 600w, https:\/\/www.micronatura.si\/wp-content\/uploads\/2022\/08\/bok5.jpg 686w\" sizes=\"(max-width: 300px) 100vw, 300px\" \/><\/p>\n<ul>\n<li>u\u010dinkovita gradnja humusa,<\/li>\n<li>nevtralizacija pH,<\/li>\n<li>izbolj\u0161ana struktura tal (bolj\u0161i vodno zra\u010dni re\u017eim),<\/li>\n<li>hiter in u\u010dinkovit razkroj \u017eetvenih ostankov in organskih gnojil,<\/li>\n<li>mo\u010dan koreninski sistem in mo\u010dne ter zdrave rastline,<\/li>\n<li>izbolj\u0161ana absorpcija mineralnih in organskih gnojil,<\/li>\n<li>lepo obarvani cvetovi ter okusna sadje in zelenjava,<\/li>\n<li>izbolj\u0161ana kakovost pridelkov omogo\u010da vi\u0161jo odkupno ceno,<\/li>\n<li>razgradnja pesticidov, \u2026<\/li>\n<\/ul>\n<h3><span style=\"color: #800000;\">Profesionalna uporaba:<\/span><\/h3>\n<p style=\"padding-left: 40px;\">Najnovej\u0161e raziskave so pokazale, da bo skrb za naravno sposobnost tal po ohranjanju rodovitnosti ena od najpomembnej\u0161ih nalog sodobnega kmetijstva.<\/p>\n<p style=\"padding-left: 40px;\">EM<sup>\u00ae<\/sup> TERRA ACTIVE pozitivno vpliva na biolo\u0161ka razmerja v tleh. Zaradi znanih lastnosti EM<sup>\u00ae<\/sup> tehnologije se lahko slabo rodovitna tla spremenijo v rodovitna. Pove\u010da se vsebnost humusa, normalizira pH, pove\u010da solubilizacija mineralov, pove\u010da dostopnost hranil, nevtralizirajo se te\u017eke kovine in druga onesna\u017eila. Tako okolje je osnova za razvoj zdravih in mo\u010dnih rastlin.<\/p>\n<p style=\"padding-left: 40px;\">EM<sup>\u00ae<\/sup> TERRA ACTIVE je organsko sredstvo, ki vsebuje za nas in na\u0161e okolje koristne mikroorganizme. Zavoljo svoje dominacijske mo\u010di prepre\u010duje dominacijo patogenih mikroorganizmov in stimulira koristne, da se normalno razvijejo.<\/p>\n<h4 style=\"padding-left: 40px;\"><span style=\"color: #800000;\">Prednosti:<\/span><\/h4>\n<ul>\n<li style=\"list-style-type: none;\">\n<ul>\n<li>izbolj\u0161a fizi\u010dno in fizikalno lastnost tal,<\/li>\n<li>pospe\u0161i razkroj \u017eetvenih ostankov,<\/li>\n<li>prepre\u010duje dominacijo patogenih mikroorganizmov,<\/li>\n<li>stimulira fiksacijo du\u0161ika in ogljika iz atmosfere,<\/li>\n<li>okrepi koreninski sistem, izbolj\u0161a rast in vitalnost rastlin,<\/li>\n<li>pove\u010da sposobnost absorpcije mineralov,<\/li>\n<li>izbolj\u0161a sposobnost tal po zadr\u017eevanju vlage in ohranja zra\u010dnost,<\/li>\n<li>bolj\u0161a struktura tal prepre\u010duje povr\u0161insko odtekanje vode,<\/li>\n<li>uporablja se za razgradnjo ostankov pesticidov.<\/li>\n<\/ul>\n<\/li>\n<\/ul>\n<h4 style=\"padding-left: 40px;\"><span style=\"color: #800000;\">Uporaba:<\/span><\/h4>\n<p style=\"padding-left: 40px;\">EM<sup>\u00ae <\/sup>TERRA ACTIVE pred \u0161kropljenjem vedno red\u010dimo z vodo vsaj 1:10. Priporo\u010damo uporabo skupaj z <a href=\"http:\/\/www.micronatura.si\/?product=em-5\" target=\"_blank\" rel=\"noopener\">EM<sup>\u00ae<\/sup>-5<\/a>. Uporabljamo za aktivacijo tal, v poljedelstvu, sadjarstvu, vinogradni\u0161tvu, zelenjadarstvu, vzgoji okrasnih rastlin in ekologiji. Uporablja se tudi kot biostimulator na list.<\/p>\n<h4 style=\"padding-left: 40px;\"><span style=\"color: #800000;\">Priprava tal:<\/span><\/h4>\n<p style=\"padding-left: 40px;\">Pred obdelavo po\u0161kropimo z razred\u010dino 1:10. Lahko se aplicira skupaj z gnojem ali gnojevko. Pri oku\u017eenih tleh ali pri tleh z prisotnimi talnimi \u0161kodljivci priporo\u010damo uporabo z <a href=\"http:\/\/www.micronatura.si\/?product=em-5\" target=\"_blank\" rel=\"noopener\">EM<sup>\u00ae<\/sup>-5<\/a>.<\/p>\n<h4 style=\"padding-left: 40px;\"><span style=\"color: #800000;\">Rastline:<\/span><\/h4>\n<p style=\"padding-left: 40px;\">\u0160kropimo lahko neposredno po rastlinah tekom celotnega rastnega obdobja in s tem stimuliramo rast, koreninski sistem in odpornost.<\/p>\n<h4 style=\"padding-left: 40px;\"><a href=\"https:\/\/www.micronatura.si\/?page_id=8915\"><span style=\"color: #800000;\">Razkroj \u017eetvenih ostankov:<\/span><\/a><\/h4>\n<p style=\"padding-left: 40px;\">Omogo\u010da u\u010dinkovit razkroj \u017eetvenih ostankov na njivi.<\/p>\n<h4 style=\"padding-left: 40px;\"><span style=\"color: #800000;\">Sadike, seme:<\/span><\/h4>\n<p style=\"padding-left: 40px;\">Sadike pred saditvijo in seme pred setvijo po\u0161kropimo z razred\u010dino 1:10 ali namo\u010dimo v 1:100. S tem pospe\u0161imo kaljenje in pove\u010damo hitrost rasti koreninskega sistema.<\/p>\n<h4 style=\"padding-left: 40px;\"><span style=\"color: #800000;\">Doziranje:<\/span><\/h4>\n<p style=\"padding-left: 40px;\">Uporablja se 20-200l na ha letno. Koli\u010dina je odvisna od stanja tal in postavljenih ciljev (Za natan\u010dna navodila se posvetujte z na\u0161imi strokovnjaki).<\/p>\n<p style=\"padding-left: 40px;\"><img decoding=\"async\" class=\"aligncenter wp-image-6107 size-large\" src=\"http:\/\/www.micronatura.si\/wp-content\/uploads\/2022\/05\/tera-1024x223.jpg\" alt=\"\" width=\"1024\" height=\"223\" srcset=\"https:\/\/www.micronatura.si\/wp-content\/uploads\/2022\/05\/tera-1024x223.jpg 1024w, https:\/\/www.micronatura.si\/wp-content\/uploads\/2022\/05\/tera-300x65.jpg 300w, https:\/\/www.micronatura.si\/wp-content\/uploads\/2022\/05\/tera-768x167.jpg 768w, https:\/\/www.micronatura.si\/wp-content\/uploads\/2022\/05\/tera-1536x334.jpg 1536w, https:\/\/www.micronatura.si\/wp-content\/uploads\/2022\/05\/tera-2048x445.jpg 2048w, https:\/\/www.micronatura.si\/wp-content\/uploads\/2022\/05\/tera-600x130.jpg 600w\" sizes=\"(max-width: 1024px) 100vw, 1024px\" \/><\/p>\n<p>&nbsp;<\/p>\n","protected":false},"excerpt":{"rendered":"<h4><span style=\"color: #800000;\">Aktivacija tal<\/span><\/h4>\n<p>Je sredstvo za vzdr\u017eevanje ravnovesja naravnega ekosistema na vrtu. Z uporabo EM Terra Active zagotovimo na\u0161im rastlinam zdravo okolje za rast. Posledica naravnih procesov, ki jih izvajajo efektivni mikroorganizmi EM\u00ae v zemlji in na povr\u0161ini rastlin, je u\u010dinkovita oskrba rastlin z elementi potrebnimi za njihovo rast in razvoj ter za\u0161\u010dita pred patogenimi mikroorganizmi kot tudi dvig odpornosti rastlin.<\/p>\n<ul>\n<li>u\u010dinkovita gradnja humusa v tleh<\/li>\n<li>mo\u010dan koreninski sistem in mo\u010dne ter zdrave rastline<\/li>\n<li>izbolj\u0161ana absorbcija gnojil<\/li>\n<li>u\u010dinkovit razkroj \u017eetvenih ostankov brez dodajanja ureje<\/li>\n<\/ul>\n","protected":false},"featured_media":9587,"comment_status":"open","ping_status":"closed","template":"","meta":{"site-sidebar-layout":"default","site-content-layout":"","ast-site-content-layout":"default","site-content-style":"default","site-sidebar-style":"default","ast-global-header-display":"","ast-banner-title-visibility":"","ast-main-header-display":"","ast-hfb-above-header-display":"","ast-hfb-below-header-display":"","ast-hfb-mobile-header-display":"","site-post-title":"","ast-breadcrumbs-content":"","ast-featured-img":"","footer-sml-layout":"","theme-transparent-header-meta":"default","adv-header-id-meta":"","stick-header-meta":"default","header-above-stick-meta":"","header-main-stick-meta":"","header-below-stick-meta":"","astra-migrate-meta-layouts":"set","ast-page-background-enabled":"default","ast-page-background-meta":{"desktop":{"background-color":"","background-image":"","background-repeat":"repeat","background-position":"center center","background-size":"auto","background-attachment":"scroll","background-type":"","background-media":"","overlay-type":"","overlay-color":"","overlay-gradient":""},"tablet":{"background-color":"","background-image":"","background-repeat":"repeat","background-position":"center center","background-size":"auto","background-attachment":"scroll","background-type":"","background-media":"","overlay-type":"","overlay-color":"","overlay-gradient":""},"mobile":{"background-color":"","background-image":"","background-repeat":"repeat","background-position":"center center","background-size":"auto","background-attachment":"scroll","background-type":"","background-media":"","overlay-type":"","overlay-color":"","overlay-gradient":""}},"ast-content-background-meta":{"desktop":{"background-color":"var(--ast-global-color-5)","background-image":"","background-repeat":"repeat","background-position":"center center","background-size":"auto","background-attachment":"scroll","background-type":"","background-media":"","overlay-type":"","overlay-color":"","overlay-gradient":""},"tablet":{"background-color":"var(--ast-global-color-5)","background-image":"","background-repeat":"repeat","background-position":"center center","background-size":"auto","background-attachment":"scroll","background-type":"","background-media":"","overlay-type":"","overlay-color":"","overlay-gradient":""},"mobile":{"background-color":"var(--ast-global-color-5)","background-image":"","background-repeat":"repeat","background-position":"center center","background-size":"auto","background-attachment":"scroll","background-type":"","background-media":"","overlay-type":"","overlay-color":"","overlay-gradient":""}}},"product_cat":[64],"product_tag":[],"aioseo_notices":[],"_links":{"self":[{"href":"https:\/\/www.micronatura.si\/index.php?rest_route=\/wp\/v2\/product\/8187"}],"collection":[{"href":"https:\/\/www.micronatura.si\/index.php?rest_route=\/wp\/v2\/product"}],"about":[{"href":"https:\/\/www.micronatura.si\/index.php?rest_route=\/wp\/v2\/types\/product"}],"replies":[{"embeddable":true,"href":"https:\/\/www.micronatura.si\/index.php?rest_route=%2Fwp%2Fv2%2Fcomments&post=8187"}],"wp:featuredmedia":[{"embeddable":true,"href":"https:\/\/www.micronatura.si\/index.php?rest_route=\/wp\/v2\/media\/9587"}],"wp:attachment":[{"href":"https:\/\/www.micronatura.si\/index.php?rest_route=%2Fwp%2Fv2%2Fmedia&parent=8187"}],"wp:term":[{"taxonomy":"product_cat","embeddable":true,"href":"https:\/\/www.micronatura.si\/index.php?rest_route=%2Fwp%2Fv2%2Fproduct_cat&post=8187"},{"taxonomy":"product_tag","embeddable":true,"href":"https:\/\/www.micronatura.si\/index.php?rest_route=%2Fwp%2Fv2%2Fproduct_tag&post=8187"}],"curies":[{"name":"wp","href":"https:\/\/api.w.org\/{rel}","templated":true}]}}